Is 1053 a factor of 39672828?
True
Does 59 divide 1100414015?
True
Is 66 a factor of 296212725?
False
Is 36382627 a multiple of 12?
False
Is 3172929420 a multiple of 206?
True
Is 1444 a factor of 5887188?
True
Does 132 divide 68656273?
False
Is 22979900 a multiple of 1133?
False
Is 1231 a factor of 200566830?
True
Is 547 a factor of 3409908?
False
Does 211 divide 31170703?
False
Is 172 a factor of 1406247223?
False
Does 2635 divide 382473757?
False
Is 212761836 a multiple of 84?
True
Is 524402432 a multiple of 46?
False
Is 241 a factor of 6234429?
True
Does 3353 divide 373765236?
False
Is 135 a factor of 2211975?
True
Does 1168 divide 496446439?
False
Is 114 a factor of 686935169?
False
Is 6 a factor of 1118534123?
False
Does 10 divide 51298521?
False
Is 24 a factor of 3023612280?
True
Is 7223874 a multiple of 8?
False
Is 21 a factor of 74781051?
False
Does 256 divide 151304960?
True
Is 39 a factor of 59763054?
True
Is 86372271 a multiple of 19?
True
Is 68135271 a multiple of 240?
False
Does 10 divide 291206203?
False
Is 3672873 a multiple of 15?
False
Is 258395528 even?
True
Does 150 divide 677165992?
False
Does 23 divide 3640558312?
True
Does 17 divide 126820697?
True
Is 161 a factor of 182173124?
False
Does 341 divide 2242485564?
True
Is 23 a factor of 1641993409?
False
Does 897 divide 266171295?
True
Is 14563142 a multiple of 240?
False
Does 189 divide 105832305?
False
Does 12 divide 190418340?
True
Is 980 a factor of 1305484789?
False
Is 1138497633 a multiple of 119?
True
Is 3936004 a multiple of 99?
False
Is 5126504070 a multiple of 17?
False
Is 63 a factor of 11241594?
True
Does 37 divide 86845627?
False
Is 22 a factor of 2445665857?
False
Is 267 a factor of 81326331?
True
Is 39 a factor of 2994172972?
False
Is 99067233 a multiple of 3?
True
Is 51961238 a multiple of 22?
False
Does 316 divide 13389506?
False
Is 47 a factor of 1201085?
True
Is 891867 a multiple of 75?
False
Is 21 a factor of 2324105?
False
Is 807 a factor of 33401730?
True
Is 9735900 a multiple of 249?
True
Does 13 divide 558459366?
False
Is 4036 a factor of 516406200?
True
Is 255806712 a multiple of 14?
True
Is 243020174 a multiple of 5546?
True
Is 1956131000 a multiple of 2360?
False
Is 260 a factor of 221516620?
True
Does 98 divide 157911301?
False
Does 13 divide 270690340?
False
Does 26 divide 135021452?
False
Is 786284018 a multiple of 330?
False
Is 15 a factor of 283879830?
True
Does 11 divide 9561805?
True
Is 138229662 a multiple of 1549?
True
Does 19 divide 477160509?
True
Does 682 divide 220631904?
False
Is 35420457 a multiple of 25?
False
Is 113384463 a multiple of 255?
False
Does 66 divide 12647493?
False
Is 442 a factor of 106838820?
False
Does 9 divide 49625251?
False
Is 44768620 a multiple of 3327?
False
Is 163029992 a multiple of 2294?
True
Is 203822465 a multiple of 628?
False
Does 851 divide 2992161954?
True
Is 64683152 a multiple of 716?
False
Is 8 a factor of 77994232?
True
Is 356258448 a multiple of 3276?
True
Is 7788704 a multiple of 1744?
True
Is 302 a factor of 43117748?
True
Is 385102336 a multiple of 608?
True
Is 65 a factor of 45069115?
True
Is 469 a factor of 10365989?
False
Is 1610 a factor of 182666419?
False
Is 100542167 a multiple of 11?
True
Does 2957 divide 27993468?
False
Is 10 a factor of 246307016?
False
Is 3290 a factor of 38795680?
True
Does 30 divide 74925210?
True
Is 68 a factor of 170827297?
False
Is 20 a factor of 65806669?
False
Is 471 a factor of 45698679?
False
Does 321 divide 194410119?
True
Is 38820888 a multiple of 18?
True
Is 462 a factor of 327846288?
True
Is 72820442 a multiple of 10?
False
Does 299 divide 26949138?
False
Does 1015 divide 194745005?
True
Is 158 a factor of 96734142?
False
Is 499 a factor of 75420856?
True
Does 28 divide 76852636?
True
Does 96 divide 28751136?
True
Is 16560192 a multiple of 48?
True
Is 316512225 a multiple of 46?
False
Is 40843426 a multiple of 73?
False
Is 667 a factor of 3843397405?
True
Is 407141636 a multiple of 34?
True
Does 206 divide 13308218?
True
Is 2812 a factor of 3987310?
False
Is 97 a factor of 590011017?
False
Is 202611160 a multiple of 323?
False
Is 1080733680 a multiple of 283?
False
Does 213 divide 817492722?
True
Is 286 a factor of 4647102746?
True
Is 322 a factor of 33266786?
True
Is 639 a factor of 14348957?
False
Is 40 a factor of 3336053976?
False
Is 867561342 a multiple of 337?
True
Is 112749737 a multiple of 13?
False
Is 104666106 a multiple of 152?
False
Does 4939 divide 241404105?
False
Is 36 a factor of 23001920?
False
Is 1777 a factor of 294240991?
True
Is 757909170 a multiple of 135?
True
Is 8 a factor of 129073874?
False
Is 112 a factor of 14884711?
False
Is 3325431211 a multiple of 405?
False
Does 14 divide 17178616?
True
Is 40932069 a multiple of 3254?
False
Is 3866585476 a multiple of 13?
True
Is 234649506 a multiple of 91?
True
Is 1184669244 a multiple of 535?
False
Is 27 a factor of 2604126456?
True
Does 3 divide 1714259?
False
Is 1910 a factor of 175459144?
False
Does 66 divide 431279772?
True
Is 266 a factor of 66862558?
True
Is 2220 a factor of 13782781?
False
Is 21147384 a multiple of 12?
True
Does 15 divide 159684990?
True
Does 15 divide 1461485790?
True
Is 6643665 a multiple of 105?
True
Is 161411503 a multiple of 285?
False
Is 5360125824 a multiple of 1152?
True
Is 8 a factor of 15275709?
False
Is 85 a factor of 1460397914?
False
Does 69 divide 34792483?
False
Is 185599780 a multiple of 20?
True
Is 98906 a multiple of 3?
False
Does 48 divide 236023901?
False
Is 1587600 a multiple of 49?
True
Does 30 divide 1805190?
True
Is 14502 a factor of 205609356?
True
Is 206 a factor of 25793005?
False
Is 13968 a multiple of 24?
True
Does 10 divide 384419078?
False
Does 848 divide 118115784?
False
Is 9 a factor of 358500150?
True
Does 357 divide 19710327?
True
Does 77 divide 43994104?
True
Is 70558117 a multiple of 348?
False
Is 11 a factor of 12745875?
False
Does 5102 divide 241737862?
True
Is 19903812 a multiple of 183?
True
Does 3 divide 427057423?
False
Is 54082866 a multiple of 3?
True
Is 1417 a factor of 570985098?
False
Does 5 divide 1899700?
True
Does 3 divide 4479907?
False
Does 16 divide 368881189?
False
Does 6798 divide 1626443416?
False
Does 174 divide 113217922?
False
Is 21126127 a multiple of 11?
True
Is 28 a factor of 33416796?
True
Is 4456970 a multiple of 69?
False
Does 387 divide 1184002506?
True
Does 32 divide 69943383?
False
Is 9 a factor of 365226295?
False
Is 407138417 a multiple of 2753?
True
Is 6257964 a multiple of 3?
True
Does 4780 divide 1464710825?
False
Is 16406948 a multiple of 94?
True
Is 45 a factor of 826256206?
False
Is 164496672 a multiple of 2154?
True
Is 1656 a factor of 73368790?
False
Is 92309985 a multiple of 273?
False
Is 137 a factor of 1863438626?
False
Does 28 divide 9381976?
False
Does 187 divide 147409295?
True
Is 7 a factor of 477012949?
True
Is 727416552 a multiple of 12?
True
Is 405 a factor of 1385326682?
False
Does 188 divide 170579411?
False
Is 95 a factor of 10600290?
True
Is 13771593 a multiple of 4?
False
Is 10765 a factor of 1027669960?
True
Is 6201 a factor of 830495890?
False
Is 249 a factor of 63302274?
True
Is 15 a factor of 116285085?
True
Is 13 a factor of 178120049?
False
Does 1470 divide 1042221180?
True
Is 13 a factor of 104483982?
False
Is 13 a factor of 12370293?
True
Is 14428048 a multiple of 2504?
True
Is 12 a factor of 2243669349?
False
Is 6 a factor of 150339666?
True
Is 852 a factor of 3673035900?
True
Does 34 divide 40915499?
False
Does 58 divide 304537352?
True
Is 29910650 a multiple of 35?
True
Is 368 a factor of 283231378?
False
Is 14171536 a multiple of 28?
False
Does 775 divide 573934201?
False
Does 3105 divide 314834580?
True
Does 1392 divide 304096248?
False
Is 10988990 a multiple of 718?
True
Is 32973520 a multiple of 1745?
True
Does 34 divide 207678800?
True
Is 3 a factor of 64468?
False
Is 8 a factor of 12263832?
True
Is 4005 a factor of 550339721?
False
Is 27054840 a multiple of 10?
True
Does 31 divide 1107488619?
False
Is 1680482097 a multiple of 1579?
False
Is 291 a factor of 14369580?
True
Does 1690 divide 377164060?
True
Does 983 divide 78807029?
False
Does 176 divide 13493920?
True
Is 9505 a multiple of 13?
False
Is 16744415 a multiple of 312?
False
Is 18514365 a mul